- 6*g**2 + 4*g - 3. Let i be q(-6). Let z = i - -190. Is z a prime number?
True
Suppose 533 + 63 = 4*j. Is j a composite number?
False
Suppose 67 = -2*r + 243. Suppose 4*f = 3*d + r, -4*f - 2*d + 112 = d. Is f composite?
True
Let t = -59 + 278. Is t a prime number?
False
Let a be (1/3)/((-2)/(-18)). Suppose -q - a*v = 20, -q + v + 14 = -2*q. Let g = 15 + q. Is g prime?
False
Let s(v) = -29*v - 2. Let h be s(-3). Is h - 1/((-2)/(-4)) a composite number?
False
Is (-563)/(-4) - (-1)/4 a prime number?
False
Suppose 4 + 15 = 2*c + 5*d, -2*c - 8 = -4*d. Let l be 0 - -1 - (-40 - -2). Suppose -k + f - 62 = -4*k, -l = -c*k - 3*f. Is k composite?
True
Suppose -3*z + 29 = 4*o, -z = 2*o - 5*o - 1. Suppose -3*q + 2*q = -z. Is q a composite number?
False
Let f = 2 - 113. Let m = f + 200. Is m prime?
True
Suppose 5 = -3*g - 16. Is (-2)/(-14) + (-1042)/g a prime number?
True
Let q(f) = -f**3 + 8*f**2 - 4*f + 10. Is q(7) composite?
False
Is (-1832)/(-10) - (-6)/(-30) prime?
False
Suppose 4*f - v + 1164 = -5*v, -868 = 3*f + 4*v. Suppose 3*p + 8 = o - 3, -o + 7 = -2*p. Is (o/2)/(4/f) a prime number?
True
Let n(x) = 30*x**2 + 7*x + 17. Is n(-4) a composite number?
True
Let l be (274 - -1) + 1 + 0. Let r be (-6)/(-15) - l/15. Let k = -12 - r. Is k composite?
True
Suppose 0 = -168*i + 171*i - 13791. Is i a composite number?
False
Is (-22 + -1)/(3/(-9)) a composite number?
True
Let f = 9013 - 4384. Is f a prime number?
False
Suppose -3*i = -9*i + 2382. Is i prime?
True
Is 2/((-6)/9) + (393 - 1) a prime number?
True
Suppose 4*l - d = -0*l + 1231, 5*l = -5*d + 1520. Is l prime?
True
Let x be 2/(-9) - (-416)/9. Let u be (x/(-2))/((-3)/3). Suppose 3*g = 2*a + 115, 4*g - 4*a - u = 133. Is g prime?
True
Suppose 2*m + 15 + 13 = 0. Let u = 1 - m. Is u composite?
True
Let w be (-4)/10 + (-976)/(-40). Let s be (w/4)/((-6)/8). Is 206/4 + s/16 prime?
False
Let z = -7 + 41. Is z a composite number?
True
Let g(t) = -2*t**3 - t**2 + 1. Let o be g(1). Let m be 245/6 - o/12. Suppose -5*z = -m + 6. Is z prime?
True
Let l = -4 + 9. Is (-2)/(-5) - (-713)/l a composite number?
True
Let p be 3*-1 + (8 - 1). Suppose -t - p*t = -605. Is (2 + -3)*0 + t prime?
False
Let k be 0/(-2 + -2 + 5). Suppose -t = -k*t - 14. Is t composite?
True
Let f(q) = q**2 - q + 1. Let a be f(2). Suppose 12 = -a*d, 538 = -3*j + 8*j - 2*d. Is j a prime number?
False
Let a = 279 + -190. Is a a composite number?
False
Suppose 227 = -g - 2*m + 2970, 5*g + 3*m - 13715 = 0. Is g composite?
True
Let z(w) = 23*w**3. Let o be z(-1). Let v(k) = 23. Let u(x) = -x - 1. Let m(b) = o*u(b) - v(b). Is m(1) a prime number?
True
Is 1*(-4 + 0 + 393) prime?
True
Is 9/(36/9848) + -3 a composite number?
False
Let j(q) = -q**2 + q + 1. Let z(g) = g**3 - 5*g**2 + 4*g - 3. Let k(l) = -5*j(l) - z(l). Let m be k(7). Suppose -8 = t - m. Is t prime?
False
Let h be -1*(0/(-1) - 2). Suppose -w + 98 = 4*o + w, 2*o - h*w - 34 = 0. Is o composite?
True
Suppose -9*x + 2037 = -2*x. Is x a prime number?
False
Let b = -1 + 5. Suppose 21 = -z + b*z. Is z a composite number?
False
Suppose 5*z = 2*g - 11, 3*g + 2*z = g + 4. Suppose -2*b - 3*s + 93 = 0, -g*s + 0*s = -b + 60. Is b prime?
False
Let h be (6 - 1 - -1)/(-1). Is (0 + 38)*h/(-4) a prime number?
False
Let j(i) = 14*i - 1. Let o be j(1). Let f = o - -6. Is f a prime number?
True
Let w be ((-4)/(-6))/(1/6). Let s = -7 + 9. Suppose 4*r - 3*r - s = 0, z - 15 = w*r. Is z a composite number?
False
Suppose -3*v = g + 84, 5*g - 140 = 5*v + 4*g. Is 66/4*v/(-6) a prime number?
False
Let c(j) = -j**2 + 6*j - 1. Suppose 2*a - 16 = a - 4*m, -6 = -3*a + 2*m. Is c(a) composite?
False
Let r(b) = 35*b + 11. Is r(10) prime?
False
Let n(l) = 14*l**3 - l**2 + l - 1. Let b be n(1). Suppose 0 = 4*g - b + 5. Is g/3*(0 - -15) a composite number?
True
Let a(f) = 10*f - 1. Let k be 12/(-1 + 3) + 2. Is a(k) a composite number?
False
Let v be 11812/8 - (-1)/(-2). Suppose -363 = -g + n, 2*g = -2*g - 4*n + v. Is (-4)/(-10) - g/(-10) composite?
False
Let s(h) be the third derivative of 103*h**6/120 - h**3/3 + h**2. Let n be s(2). Is n/9 - 2/6 prime?
False
Let p be 2/5*100/5. Suppose 0 = -12*r + p*r + 452. Is r a composite number?
False
Let m be 3 + -1 + (1 - 3). Suppose m = -0*t + t - 183. Is t a composite number?
True
Suppose 0 = 6*d - d + 5. Let a(p) = 4*p**2 - 2 + 2 - 1. Is a(d) a prime number?
True
Let h be -1 + 14/(-2) - -1. Is 0/(-4) - 5*h a composite number?
True
Let f = 12 + -5. Is f a prime number?
True
Suppose m - 3 = 2. Let c(a) = 2*a - 7. Let r be c(m). Suppose r*p + 0 = 21. Is p prime?
True
Let w(h) = -61*h**2 - 6*h + 6. Let y be w(-6). Let d be 7/49 - y/14. Suppose 4*q - d = 2*q. Is q a prime number?
False
Let y = -1 + 14. Is y a prime number?
True
Suppose 5*c - 4*c - 1601 = 0. Is c composite?
False
Suppose 138 + 107 = 5*w. Let a = 260 - w. Is a composite?
False
Is 5*15/25 - 404/(-2) prime?
False
Suppose 4*y + 9 = 25. Let z = 0 + y. Suppose -z*c = c - 110. Is c a composite number?
True
Is ((-6)/(-9)*3)/(-1) + 237 a prime number?
False
Let r(g) = -5*g**3 + 4*g**2 + 3*g - 7. Let w(k) = k**3 - k**2 - k + 1. Let n(x) = -r(x) - 4*w(x). Is n(3) a prime number?
False
Let i = -11 - -11. Let j = i + 3. Is j a composite number?
False
Suppose 4*h - z - 3679 = -0*z, 2*h = -z + 1835. Is h a prime number?
True
Let s = 21 - 16. Suppose -4*m - 139 = -a, -5*m - 103 = s*a - 673. Is a a prime number?
False
Let j = -8 - -14. Let n = j + -4. Suppose 0 = r - n*x - 1, x = 5*r - x - 45. Is r prime?
True
Suppose -2*u = -7 - 127. Is u prime?
True
Suppose 0 = -i + 4*i - 21. Let r(n) = -1. Let p(f) = 4*f - 12. Let j(b) = p(b) - 3*r(b). Is j(i) a composite number?
False
Let y(s) = 37*s. Let k be y(2). Let x = 162 + -37. Let c = x - k. Is c a composite number?
True
Let h(y) = y**2 + 6*y + 3. Suppose 11 + 3 = 2*g. Suppose 4 = 2*j, g*c - 3*c = -3*j - 26. Is h(c) a prime number?
True
Suppose -2*t + 7 = 1. Let q(i) = 15*i + 1. Is q(t) prime?
False
Is -4 + 0/4 + 741 a prime number?
False
Let z(j) = -3 - 4*j - 2*j**3 + 3*j**3 + 9*j - 10*j**2 - 4. Is z(11) a prime number?
False
Let p be 9 - 2/(2/3). Let n = 5 - p. Is (0 - 3)*n - -16 prime?
True
Suppose -2*x - 3 = x. Is x/1*2 - -129 composite?
False
Let h(a) be the first derivative of 44*a**3/3 - 3*a**2/2 - 7*a + 9. Is h(-4) a prime number?
True
Let k = 8 + -8. Suppose -z - 5*n + 42 = 0, k = 2*z + 4*n - 39 - 51. Is z a prime number?
True
Let y = 5161 - 1670. Is y a prime number?
True
Suppose 0 = -3*f + 9, -2*s - 2*f + 2523 = s. Is s a prime number?
True
Let v = 369 + -242. Is v a composite number?
False
Is (-4)/(-22) + 42540/44 prime?
True
Suppose 24 = -2*x + 4*x. Let y = x + 17. Suppose 0 = 3*i + a - 13, -8*i + 4*i = -a - y. Is i a prime number?
False
Let k = -9 - -24. Is k prime?
False
Let i(l) = l - 9. Let y be i(12). Suppose 1336 = 2*v - y*w, v = -0*v + w + 667. Suppose 2*z + 3*z - v = 2*h, 0 = -3*z - h + 388. Is z prime?
True
Suppose 59 = -2*f + f. Let g = -22 - f. Suppose -3*b + 4*b - g = 0. Is b prime?
True
Let k(s) = -7*s. Let a be k(-3). Suppose a = 3*p - r - 22, 4*p = -r + 48. Is p a composite number?
False
Let x(s) = -s**3 - 2*s**2 + s - 2. Let q be 5/(-1) - 4/(-2). Let w be x(q). Suppose 2*m + 3*m - 20 = 0, 5*c + w*m = 281. Is c a prime number?
True
Let g be -1 + 6/3 + 0. Let c be 444 - (-2*g - -2). Is (c/18)/(2/3) prime?
True
Let r = -746 + 2395. Is r prime?
False
Let h be -33*(0 - (-2)/6). Is h*6*(-3)/6 composite?
True
Is (-14)/(-49) - (-822)/14 a prime number?
True
Let b(j) = -75*j + 4. Is b(-1) a composite number?
False
Suppose -5*y + 3555 - 1190 = 0. Is y composite?
True
Let v(m) = m - 1. Let g be v(5). Suppose -5*q - l + 525 = 0, g*q + 3*l - 409 = -0*q. Is q prime?
False
Let h(w) = -141*w - 2. Let o be h(-2). Suppose -4*s = -532 - o. Is s composite?
True
Let b(r) = -r**2 - 7*r - 3. Let t be b(-6). Suppose -2*g + 175 = t*x - 184, -2*g - 474 = -4*x. Is x a composite number?
True
Let i(b) = 215*b + 13. Is i(2) prime?
True
Suppose -5*a + 0*a + 25 = 0. Suppose -308 = -a*r + 357. Is r a prime number?
False
Suppose 2*p - 5*l + l = 2, l + 6 = -5*p. Is 1 + (-1 - p) + 76 a prime number?
False
Is 2 - ((-5844)/28 + 2/(-7)) composite?
False
Let d(c) = c**2 + c + 63. Let v be d(0). Suppose v + 6 = w. Is w prime?
False
Suppose 2*p - 428 = 488. Is p prime?
False
Suppose 14 = -0*h + 2*h. Let w